{"id":145,"date":"2024-11-05T12:06:08","date_gmt":"2024-11-05T12:06:08","guid":{"rendered":"https:\/\/institutoeac.edu.ar\/?page_id=145"},"modified":"2024-12-18T15:15:35","modified_gmt":"2024-12-18T15:15:35","slug":"nivel-inicial","status":"publish","type":"page","link":"https:\/\/institutoeac.edu.ar\/index.php\/nivel-inicial\/","title":{"rendered":"Nivel Inicial"},"content":{"rendered":"<div class=\"row\">\n<div class=\"col-lg-6 order-2 order-lg-1 mt-3 mt-lg-0 aos-init aos-animate\" data-aos=\"fade-up\" data-aos-delay=\"100\">\n<p>En un mundo cada vez m\u00e1s diverso, heterog\u00e9neo y multicultural proponemos un tipo de formaci\u00f3n cimentado desde el \u201cvivir con\u201d o convivir con todo lo que nos rodea, en la b\u00fasqueda de la comprensi\u00f3n amplia para una sociedad cada vez m\u00e1s justa, equitativa y solidaria.<\/p>\n<ul>\n<li><i class=\"ri-check-double-line\"><\/i>Vivir y convivir en principio, con otros; toda vez que el otro siempre es diverso y comprendiendo que all\u00ed radica la riqueza.<\/li>\n<li><i class=\"ri-check-double-line\"><\/i>Vivir y convivir con nuestro propio cuerpo, respet\u00e1ndolo y promoviendo la actividad f\u00edsica y el deporte como requerimiento b\u00e1sico en ese cuidado y prevenci\u00f3n.<\/li>\n<li><i class=\"ri-check-double-line\"><\/i>Vivir y convivir con otras lenguas, aceptando en el ingl\u00e9s el idioma universal y sin dejar de reconocer otras lenguas que hacen a la identidad del ser Argentino.<\/li>\n<li><i class=\"ri-check-double-line\"><\/i>Vivir y convivir con las nuevas tecnolog\u00edas, promoviendo el uso racional y cr\u00edtico de las\u00a0 mismas y utilizando su enorme potencial.<\/li>\n<li><i class=\"ri-check-double-line\"><\/i>Vivir y convivir con el medio ambiente y \u201clo natural\u201d que nos rodea y nos permite la recreaci\u00f3n la vida sana.<\/li>\n<li><i class=\"ri-check-double-line\"><\/i>Vivir y convivir con distintos tipo de manifestaciones art\u00edsticas, toda vez que representa la m\u00e1xima expresi\u00f3n del ser humano puesta en obra.<\/li>\n<\/ul>\n<\/div>\n<div class=\"col-lg-6 order-1 order-lg-2 text-center aos-init aos-animate\" data-aos=\"fade-up\" data-aos-delay=\"200\"><\/div>\n<\/div>\n<div class=\"row\">\n<div class=\"col-12\">\n<h1>Objetivos<\/h1>\n<p>En el nivel inicial, alentamos a nuestros alumnos para que, desde su iniciativa individual y poniendo en juego su creatividad, puedan comenzar a ser protagonistas, tomando decisiones y acciones concretas en su vida cotidiana.<\/p>\n<p>El\u00a0 equipo interdisciplinario estimula a los alumnos para que sean:<\/p>\n<ul>\n<li><strong>Indagadores &#8211;\u00a0<\/strong>Desarrollan su curiosidad natural. Adquieren las habilidades necesarias para indagar y realizar investigaciones, demuestran autonom\u00eda en su aprendizaje.<\/li>\n<li><strong>Informados e instruidos\u00a0\u00a0<\/strong>exploran conceptos, ideas y cuestiones de importancia local, al hacerlo, adquieren conocimientos y desarrollan competencias, desenvolviendo la capacidad de intervenir con pertinencia y transformar la realidad, desde la transferencia de los conocimientos adquiridos en la instituci\u00f3n.<\/li>\n<li><strong>Pensadores &#8211;\u00a0<\/strong>Activos y participativos en su propio proceso de aprendizaje desarrollando habilidades, destreza motora a trav\u00e9s del juego.\u00a0 Aplican, por propia iniciativa, sus habilidades intelectuales de manera cr\u00edtica y creativa para reconocer y abordar problemas complejos para tomar decisiones razonadas que le permitan resolver situaciones cotidianas.<\/li>\n<li><strong>Buenos comunicadores &#8211;\u00a0<\/strong>Comprenden y expresan ideas, informaci\u00f3n y sentimientos a trav\u00e9s de distintos lenguajes oral, escrito, pl\u00e1stico, musical y corporal con confianza y creatividad favoreciendo los procesos de socializaci\u00f3n\u00a0 e interacci\u00f3n educativa.<\/li>\n<li><strong>\u00cdntegros &#8211;\u00a0<\/strong>Act\u00faan con integridad y honradez, poseen un profundo sentido de la equidad, la justicia y el respeto por la dignidad de las personas, los grupos y las comunidades. Que puedan comenzar a distinguir las consecuencias de sus actos, asumiendo responsabilidad sobre los mismos.<\/li>\n<li><strong>De mentalidad abierta &#8211;\u00a0<\/strong>Entienden y aprecian su propia cultura e historia personal, y est\u00e1n abiertos a las perspectivas, valores y tradiciones de otras personas y comunidades. Est\u00e1n habituados a buscar y considerar distintos puntos de vista y dispuestos a aprender de la experiencia.<\/li>\n<li><strong>Solidarios \u2013 abiertos a la diversidad &#8211;\u00a0\u00a0<\/strong>Muestran empat\u00eda, sensibilidad y respeto por las necesidades y sentimientos de los dem\u00e1s. Se comprometen personalmente a ayudar a los dem\u00e1s y act\u00faan con el prop\u00f3sito de influir positivamente en la vida de las personas y el medio ambiente desarrollando pr\u00e1ctica para promoci\u00f3n de la salud, valoraci\u00f3n y conservaci\u00f3n del mismo, respetando las posibilidades y habilidades de sus pares desarrollando actitudes de tolerancia.<\/li>\n<li><strong>Reflexivos y autocr\u00edticos &#8211;\u00a0<\/strong>Eval\u00faan detenidamente su propio aprendizaje y experiencias. Son capaces de reconocer y comprender sus cualidades y limitaciones para, de este modo, contribuir a su aprendizaje y desarrollo personal.<\/li>\n<\/ul>\n<p><img fetchpriority=\"high\" decoding=\"async\" class=\"size-medium wp-image-182 alignright\" src=\"https:\/\/institutoeac.edu.ar\/wp-content\/uploads\/2024\/11\/INICIAL-0443-800x533.jpg\" alt=\"\" width=\"800\" height=\"533\" srcset=\"https:\/\/institutoeac.edu.ar\/wp-content\/uploads\/2024\/11\/INICIAL-0443-800x533.jpg 800w, https:\/\/institutoeac.edu.ar\/wp-content\/uploads\/2024\/11\/INICIAL-0443-1366x911.jpg 1366w, https:\/\/institutoeac.edu.ar\/wp-content\/uploads\/2024\/11\/INICIAL-0443-768x512.jpg 768w, https:\/\/institutoeac.edu.ar\/wp-content\/uploads\/2024\/11\/INICIAL-0443-1536x1024.jpg 1536w, https:\/\/institutoeac.edu.ar\/wp-content\/uploads\/2024\/11\/INICIAL-0443-2048x1365.jpg 2048w\" sizes=\"(max-width: 800px) 100vw, 800px\" \/><\/p>\n<h1>Organizaci\u00f3n<\/h1>\n<p>El nivel Inicial del IEAC comprende salas de tres, cuatro y cinco a\u00f1os con un m\u00e1ximo de 30 alumnos por secci\u00f3n en salas de 4 y 5 (A y B) y 20 alumnos por secci\u00f3n en salas de 3.<\/p>\n<p>Cuenta con salas equipadas y acordes\u00a0 a la edad de nuestros estudiantes:<\/p>\n<ul>\n<li>Dos salas de 3 a\u00f1os con ba\u00f1os internos y una galer\u00eda com\u00fan con salida al aire libre<\/li>\n<li>Dos salas de 4 a\u00f1os con mobiliario e instalaciones adecuadas a sus necesidades<\/li>\n<li>Dos salas de 5 a\u00f1os con galer\u00eda com\u00fan con salida al aire libre y patio.<\/li>\n<li>Tambi\u00e9n como parte de su infraestructura el jard\u00edn cuenta con 4 patios al aire libre: un arenero, un patio con juegos y cancha de c\u00e9sped y un play\u00f3n.<\/li>\n<\/ul>\n<p>Las diferentes salas funcionan en el turno ma\u00f1ana en el horario de 8 a 12 hs<\/p>\n<p>&nbsp;<\/p>\n<p>&nbsp;<\/p>\n<h1>Acuerdo Educativo de Convivencia<\/h1>\n<p>En un mundo cada vez m\u00e1s diverso, heterog\u00e9neo y multicultural proponemos un tipo de formaci\u00f3n cimentado desde el \u201cvivir con\u201d o convivir con todo lo que nos rodea, en la b\u00fasqueda de la comprensi\u00f3n amplia para una sociedad cada vez m\u00e1s justa, equitativa y solidaria.<\/p>\n<ul>\n<li>Vivir y convivir en principio, con otros; toda vez que el otro siempre es diverso y comprendiendo que all\u00ed radica la riqueza.<\/li>\n<li>Vivir y convivir con nuestro propio cuerpo, respet\u00e1ndolo y promoviendo la actividad f\u00edsica y el deporte como requerimiento b\u00e1sico en ese cuidado y prevenci\u00f3n.<\/li>\n<li>Vivir y convivir con otras lenguas, aceptando en el ingl\u00e9s el idioma universal y sin dejar de reconocer otras lenguas que hacen a la identidad del ser Argentino.<\/li>\n<li>Vivir y convivir con las nuevas tecnolog\u00edas, promoviendo el uso racional y cr\u00edtico de las\u00a0 mismas y utilizando su enorme potencial.<\/li>\n<li>Vivir y convivir con el medio ambiente y \u201clo natural\u201d que nos rodea y nos permite la recreaci\u00f3n la vida sana.<\/li>\n<li>Vivir y convivir con distintos tipo de manifestaciones art\u00edsticas, toda vez que representa la m\u00e1xima expresi\u00f3n del ser humano puesta en obra.<\/li>\n<\/ul>\n<p><img decoding=\"async\" class=\"alignnone size-medium wp-image-183\" src=\"https:\/\/institutoeac.edu.ar\/wp-content\/uploads\/2024\/11\/INICIAL-0416-800x533.jpg\" alt=\"\" width=\"800\" height=\"533\" srcset=\"https:\/\/institutoeac.edu.ar\/wp-content\/uploads\/2024\/11\/INICIAL-0416-800x533.jpg 800w, https:\/\/institutoeac.edu.ar\/wp-content\/uploads\/2024\/11\/INICIAL-0416-1366x911.jpg 1366w, https:\/\/institutoeac.edu.ar\/wp-content\/uploads\/2024\/11\/INICIAL-0416-768x512.jpg 768w, https:\/\/institutoeac.edu.ar\/wp-content\/uploads\/2024\/11\/INICIAL-0416-1536x1024.jpg 1536w, https:\/\/institutoeac.edu.ar\/wp-content\/uploads\/2024\/11\/INICIAL-0416-2048x1365.jpg 2048w\" sizes=\"(max-width: 800px) 100vw, 800px\" \/><\/p>\n<h1>Oferta Curricular<\/h1>\n<p>Trabajamos con un proyecto educativo que prioriza la identidad del Instituto, con sus caracter\u00edsticas y objetivos propios. Atendemos\u00a0 las necesidades de la comunidad de la cual forma parte, facilitando el buen di\u00e1logo y la comunicaci\u00f3n. Tomando ideas, propuestas y experiencias, a fin de enriquecernos en nuestra tarea pedag\u00f3gica.<\/p>\n<p>La tarea educativa est\u00e1 poblada de propuestas innovadoras que resultan atractivas para los ni\u00f1os y sus padres, promoviendo el inter\u00e9s en la vida institucional.<\/p>\n<p>Se ofrecen talleres a las familias, con la participaci\u00f3n del gabinete psicopedag\u00f3gico a fin de informar y apoyar a la misma en su rol de primera educadora.<\/p>\n<p>Brindamos espacios adecuados para desarrollar cada una de las actividades que el proyecto curricular propone, partiendo de las posibilidades de cada ni\u00f1o y adaptando cada actividad al grupo y sus singularidades.<\/p>\n<p>Tomamos \u201cel juego\u201d como m\u00e9todo y estrategia siempre vigente, como herramienta que acompa\u00f1a al trabajo diario e invita a los estudiantes a aprender significativamente.<\/p>\n<\/div>\n<p><strong>Apoyo a las Familias<\/strong><\/p>\n<p>Ofrecemos talleres para las familias, con la participaci\u00f3n del gabinete psicopedag\u00f3gico, con el objetivo de informar y apoyar a las familias en su rol de primeras educadoras. Adaptamos nuestros talleres a las necesidades espec\u00edficas de cada grado, con un enfoque particular en Matem\u00e1tica. Adem\u00e1s, organizamos reuniones grupales e individuales con los padres para fomentar una colaboraci\u00f3n efectiva entre la escuela y la familia, siempre en beneficio del ni\u00f1o.<\/p>\n<p><strong>Jornada Extendida<\/strong> en Nuestra Escuela: Un Espacio de Oportunidades y Aprendizaje Integral<\/p>\n<p>Jornada extendida brinda a nuestros estudiantes una experiencia educativa enriquecedora y completa. Este espacio, disponible de manera optativa para todo el nivel primario, est\u00e1 dise\u00f1ado para fomentar el desarrollo integral de cada ni\u00f1o, combinando el aprendizaje acad\u00e9mico con actividades pr\u00e1cticas y recreativas.<\/p>\n<p><strong>Horarios<\/strong>.<\/p>\n<p>La jornada extendida se realiza de lunes a viernes, de 12:30 a 16:00 h. Durante este tiempo, los estudiantes almuerzan en la escuela, trayendo su comida desde el hogar. Este momento no solo es una oportunidad para recargar energ\u00edas, sino tambi\u00e9n para socializar y compartir con sus compa\u00f1eros en un ambiente seguro y supervisado.<\/p>\n<p><strong>Actividades Diversificadas y Enriquecedoras<\/strong><\/p>\n<p>Despu\u00e9s del almuerzo, los estudiantes participan en una variedad de actividades dise\u00f1adas para complementar su formaci\u00f3n acad\u00e9mica y personal:<\/p>\n<p><strong>Educaci\u00f3n Digital, Programaci\u00f3n y Rob\u00f3tica:<\/strong> En este espacio, los ni\u00f1os se sumergen en el fascinante mundo de la tecnolog\u00eda, aprendiendo habilidades fundamentales para el futuro. Desde la programaci\u00f3n b\u00e1sica hasta la rob\u00f3tica, incentivamos la creatividad y el pensamiento cr\u00edtico.<\/p>\n<p>&nbsp;<\/p>\n<p><strong>Deportes:<\/strong> El deporte es una parte esencial de nuestro programa, promoviendo no solo la salud f\u00edsica sino tambi\u00e9n valores como el trabajo en equipo, la disciplina y la perseverancia. Los estudiantes vivencian una variedad de deportes, tales como b\u00e1squet, karate, nataci\u00f3n, entre otros, permiti\u00e9ndoles explorar diferentes disciplinas y descubrir sus pasiones.<\/p>\n<p><strong>Ingl\u00e9s:<\/strong> Conscientes de la importancia del dominio de una segunda lengua, nuestro programa de ingl\u00e9s est\u00e1 dise\u00f1ado para ser interactivo y divertido, asegurando que los estudiantes desarrollen competencias comunicativas efectivas desde temprana edad.<\/p>\n<p>La jornada extendida en nuestra escuela es mucho m\u00e1s que un horario prolongado; es una oportunidad para que los estudiantes exploren nuevas \u00e1reas de inter\u00e9s, desarrollen habilidades esenciales y formen v\u00ednculos que durar\u00e1n toda la vida.<\/p>\n<\/div>\n<p><img decoding=\"async\" class=\"alignnone  wp-image-194\" src=\"https:\/\/institutoeac.edu.ar\/wp-content\/uploads\/2024\/12\/INICIAL-0096-800x533.jpg\" alt=\"\" width=\"603\" height=\"402\" srcset=\"https:\/\/institutoeac.edu.ar\/wp-content\/uploads\/2024\/12\/INICIAL-0096-800x533.jpg 800w, https:\/\/institutoeac.edu.ar\/wp-content\/uploads\/2024\/12\/INICIAL-0096-1366x911.jpg 1366w, https:\/\/institutoeac.edu.ar\/wp-content\/uploads\/2024\/12\/INICIAL-0096-768x512.jpg 768w, https:\/\/institutoeac.edu.ar\/wp-content\/uploads\/2024\/12\/INICIAL-0096-1536x1024.jpg 1536w, https:\/\/institutoeac.edu.ar\/wp-content\/uploads\/2024\/12\/INICIAL-0096-2048x1365.jpg 2048w\" sizes=\"(max-width: 603px) 100vw, 603px\" \/><\/p>\n","protected":false},"excerpt":{"rendered":"<p>En un mundo cada vez m\u00e1s diverso, heterog\u00e9neo y multicultural proponemos un tipo de formaci\u00f3n cimentado desde el \u201cvivir con\u201d o convivir con todo lo que nos rodea, en la b\u00fasqueda de la comprensi\u00f3n amplia para una sociedad cada vez m\u00e1s justa, equitativa y solidaria. Vivir y convivir en principio, con otros; toda vez que [&hellip;]<\/p>\n","protected":false},"author":1,"featured_media":180,"parent":0,"menu_order":0,"comment_status":"closed","ping_status":"closed","template":"","meta":{"footnotes":""},"class_list":["post-145","page","type-page","status-publish","has-post-thumbnail","hentry"],"_links":{"self":[{"href":"https:\/\/institutoeac.edu.ar\/index.php\/wp-json\/wp\/v2\/pages\/145","targetHints":{"allow":["GET"]}}],"collection":[{"href":"https:\/\/institutoeac.edu.ar\/index.php\/wp-json\/wp\/v2\/pages"}],"about":[{"href":"https:\/\/institutoeac.edu.ar\/index.php\/wp-json\/wp\/v2\/types\/page"}],"author":[{"embeddable":true,"href":"https:\/\/institutoeac.edu.ar\/index.php\/wp-json\/wp\/v2\/users\/1"}],"replies":[{"embeddable":true,"href":"https:\/\/institutoeac.edu.ar\/index.php\/wp-json\/wp\/v2\/comments?post=145"}],"version-history":[{"count":6,"href":"https:\/\/institutoeac.edu.ar\/index.php\/wp-json\/wp\/v2\/pages\/145\/revisions"}],"predecessor-version":[{"id":195,"href":"https:\/\/institutoeac.edu.ar\/index.php\/wp-json\/wp\/v2\/pages\/145\/revisions\/195"}],"wp:featuredmedia":[{"embeddable":true,"href":"https:\/\/institutoeac.edu.ar\/index.php\/wp-json\/wp\/v2\/media\/180"}],"wp:attachment":[{"href":"https:\/\/institutoeac.edu.ar\/index.php\/wp-json\/wp\/v2\/media?parent=145"}],"curies":[{"name":"wp","href":"https:\/\/api.w.org\/{rel}","templated":true}]}}