{"id":148,"date":"2024-11-05T12:07:29","date_gmt":"2024-11-05T12:07:29","guid":{"rendered":"https:\/\/institutoeac.edu.ar\/?page_id=148"},"modified":"2024-12-18T15:13:07","modified_gmt":"2024-12-18T15:13:07","slug":"nivel-primario","status":"publish","type":"page","link":"https:\/\/institutoeac.edu.ar\/index.php\/nivel-primario\/","title":{"rendered":"Nivel Primario"},"content":{"rendered":"<p>Nuestro Nivel se destaca por su enfoque integral y su compromiso con la excelencia educativa. La funci\u00f3n pedag\u00f3gica de este nivel se centra en proporcionar una educaci\u00f3n de alta calidad que fomente el respeto mutuo, comenzando desde el hogar y fortaleci\u00e9ndose en la convivencia escolar. Adem\u00e1s, se realizan propuestas educativas en formato proyecto, permitiendo a los estudiantes participar activamente en su aprendizaje y desarrollar habilidades cr\u00edticas y creativas.<\/p>\n<p>El respeto entre todos los miembros de la comunidad educativa es fundamental, y se trabaja en conjunto con las familias para reforzar estos valores desde el hogar y la escuela.<\/p>\n<p>&nbsp;<\/p>\n<h2><strong>Objetivos<\/strong><\/h2>\n<p><strong>Convivencia y Respeto a la Diversidad<\/strong><\/p>\n<ul>\n<li>Vivir y convivir en un ambiente donde se respete y valore la diversidad, promoviendo la convivencia armoniosa y la aceptaci\u00f3n de las diferencias individuales.<\/li>\n<\/ul>\n<p><strong>Educaci\u00f3n F\u00edsica y Deportes<\/strong><\/p>\n<ul>\n<li>Vivir y convivir en diversos espacios dedicados a la educaci\u00f3n f\u00edsica, pr\u00e1cticas deportivas y nataci\u00f3n, entendiendo la importancia del desarrollo f\u00edsico y la salud integral de los estudiantes.<\/li>\n<\/ul>\n<p><strong>\u00c1reas Especiales:<\/strong><\/p>\n<ul>\n<li>Vivir y convivir espacios dedicados a la m\u00fasica, artes visuales e ingl\u00e9s como lengua extranjera, para proporcionar una formaci\u00f3n completa y diversa.<\/li>\n<\/ul>\n<p><img fetchpriority=\"high\" decoding=\"async\" class=\"alignnone  wp-image-189\" src=\"https:\/\/institutoeac.edu.ar\/wp-content\/uploads\/2024\/12\/PRIMARIO-0152-800x533.jpg\" alt=\"\" width=\"627\" height=\"418\" srcset=\"https:\/\/institutoeac.edu.ar\/wp-content\/uploads\/2024\/12\/PRIMARIO-0152-800x533.jpg 800w, https:\/\/institutoeac.edu.ar\/wp-content\/uploads\/2024\/12\/PRIMARIO-0152-1366x911.jpg 1366w, https:\/\/institutoeac.edu.ar\/wp-content\/uploads\/2024\/12\/PRIMARIO-0152-768x512.jpg 768w, https:\/\/institutoeac.edu.ar\/wp-content\/uploads\/2024\/12\/PRIMARIO-0152-1536x1024.jpg 1536w, https:\/\/institutoeac.edu.ar\/wp-content\/uploads\/2024\/12\/PRIMARIO-0152-2048x1365.jpg 2048w\" sizes=\"(max-width: 627px) 100vw, 627px\" \/><\/p>\n<p>&nbsp;<\/p>\n<p>En el nivel primario, todos los educadores, incluyendo el equipo directivo, personal docente y no docente, trabajan con dedicaci\u00f3n y compromiso, acompa\u00f1ando a los estudiantes para que puedan ser:<\/p>\n<p><strong>\u00a0<\/strong><\/p>\n<ul>\n<li>Lectores y escritores aut\u00f3nomos y cr\u00edticos: desarrollan sus capacidades de manera integral, aprendiendo no solo a leer y escribir textos, sino tambi\u00e9n a leer y ayudar a construir el mundo que los rodea.<\/li>\n<\/ul>\n<p>&nbsp;<\/p>\n<ul>\n<li>Ciudadanos: participan de espacios de comprensi\u00f3n de la historia del pa\u00eds, construyendo un sentido de identidad y pertenencia.<\/li>\n<\/ul>\n<p>&nbsp;<\/p>\n<ul>\n<li>Protagonistas de sus aprendizajes: a trav\u00e9s de las asignaturas oficiales de lengua, matem\u00e1tica, ciencias sociales, ciencias naturales, identidad y convivencia (en primer ciclo) y ciudadan\u00eda y participaci\u00f3n (en segundo ciclo), los estudiantes adquieren habilidades y capacidades esenciales para su desarrollo acad\u00e9mico y personal.<\/li>\n<\/ul>\n<p>&nbsp;<\/p>\n<p>Sociales: respetan y entienden que la diversidad es lo que nos enriquece como seres sociales. Este enfoque integral permite a los estudiantes no solo adquirir conocimientos, sino tambi\u00e9n desarrollar valores y actitudes que los preparan para ser ciudadanos responsables y comprometidos con su comunidad.<\/p>\n<p>&nbsp;<\/p>\n<p><img decoding=\"async\" class=\"alignnone  wp-image-190\" src=\"https:\/\/institutoeac.edu.ar\/wp-content\/uploads\/2024\/12\/PRIMARIO-0130-800x533.jpg\" alt=\"\" width=\"624\" height=\"416\" srcset=\"https:\/\/institutoeac.edu.ar\/wp-content\/uploads\/2024\/12\/PRIMARIO-0130-800x533.jpg 800w, https:\/\/institutoeac.edu.ar\/wp-content\/uploads\/2024\/12\/PRIMARIO-0130-1366x911.jpg 1366w, https:\/\/institutoeac.edu.ar\/wp-content\/uploads\/2024\/12\/PRIMARIO-0130-768x512.jpg 768w, https:\/\/institutoeac.edu.ar\/wp-content\/uploads\/2024\/12\/PRIMARIO-0130-1536x1024.jpg 1536w, https:\/\/institutoeac.edu.ar\/wp-content\/uploads\/2024\/12\/PRIMARIO-0130-2048x1365.jpg 2048w\" sizes=\"(max-width: 624px) 100vw, 624px\" \/><\/p>\n<p>&nbsp;<\/p>\n<h2><strong>Organizaci\u00f3n<\/strong><\/h2>\n<p>El nivel Primario del IEAC abarca desde primer hasta sexto grado, con un m\u00e1ximo de 30 alumnos por secci\u00f3n en los grados A y B.<\/p>\n<p>Las aulas est\u00e1n equipadas y adaptadas a las necesidades de nuestros estudiantes.<\/p>\n<p>Nuestro Nivel cuenta adem\u00e1s con:<\/p>\n<ul>\n<li><strong>Galer\u00eda com\u00fan con salida al aire libre<\/strong>: Con acceso al Patio Bandera y al Patio de Pelota Paleta, proporcionando espacios amplios para actividades recreativas.<\/li>\n<li><strong>Espacio del DOE (Departamento de Orientaci\u00f3n Escolar)<\/strong>: Un lugar donde se re\u00fanen docentes, familias, directivos y estudiantes con la psicopedagoga o psic\u00f3loga.<\/li>\n<li><strong>Aula de Arte<\/strong>: Un espacio dedicado a la expresi\u00f3n art\u00edstica y creatividad de los alumnos.<\/li>\n<li><strong>Patio Bandera<\/strong>: Un espacio donde nos reunimos al iniciar la jornada para izar la bandera y saludarnos, y que luego se utiliza para el recreo.<\/li>\n<li><strong>Aula del Proyecto Alfabetizador\/Biblioteca y Aula Tics ( valijas de tablet).<\/strong><\/li>\n<\/ul>\n<p>Adem\u00e1s, la escuela cuenta con las instalaciones del club, que enriquecen significativamente la experiencia educativa de nuestros estudiantes:<\/p>\n<ul>\n<li><strong>Estadio \u00c1ngel Sandrin<\/strong>: Este estadio no solo es un lugar emblem\u00e1tico para eventos deportivos, sino que tambi\u00e9n se utiliza para la realizaci\u00f3n de actos institucionales, donde toda la comunidad escolar puede reunirse y celebrar importantes hitos.<\/li>\n<li><strong>Natatorio<\/strong>: Equipado para las clases de nataci\u00f3n, este espacio permite a los estudiantes desarrollar habilidades acu\u00e1ticas en un entorno seguro y supervisado.<\/li>\n<li><strong>Tribuna de la cancha<\/strong>: Un lugar vers\u00e1til donde los alumnos pueden disfrutar de actividades de lectura, meriendas y otras actividades recreativas al aire libre.<\/li>\n<li><strong>Sal\u00f3n Alto y Bajo<\/strong>: Estos salones son fundamentales para las actividades de Educaci\u00f3n F\u00edsica y Pr\u00e1cticas Deportivas, proporcionando un espacio adecuado para el desarrollo f\u00edsico y el aprendizaje de diversas disciplinas deportivas.<\/li>\n<li><strong>Complejo La Agustina<\/strong>: Este complejo es utilizado a lo largo del a\u00f1o para diversas actividades, ofreciendo un entorno ideal, de contacto con la naturaleza, para eventos especiales y actividades extracurriculares que complementan la formaci\u00f3n integral de los estudiantes.<\/li>\n<\/ul>\n<p>Los recreos est\u00e1n organizados en dos espacios distintos, uno para el primer ciclo y otro para el segundo ciclo, siempre supervisados por diferentes docentes de grado para asegurar la seguridad y el bienestar de los estudiantes.<\/p>\n<p>Los diferentes grados funcionan en el turno ma\u00f1ana, en el horario de 8:00 a 12:30 hs.<\/p>\n<p><img decoding=\"async\" class=\"alignnone  wp-image-191\" src=\"https:\/\/institutoeac.edu.ar\/wp-content\/uploads\/2024\/12\/PRIMARIO-0070-800x533.jpg\" alt=\"\" width=\"516\" height=\"344\" srcset=\"https:\/\/institutoeac.edu.ar\/wp-content\/uploads\/2024\/12\/PRIMARIO-0070-800x533.jpg 800w, https:\/\/institutoeac.edu.ar\/wp-content\/uploads\/2024\/12\/PRIMARIO-0070-1366x911.jpg 1366w, https:\/\/institutoeac.edu.ar\/wp-content\/uploads\/2024\/12\/PRIMARIO-0070-768x512.jpg 768w, https:\/\/institutoeac.edu.ar\/wp-content\/uploads\/2024\/12\/PRIMARIO-0070-1536x1024.jpg 1536w, https:\/\/institutoeac.edu.ar\/wp-content\/uploads\/2024\/12\/PRIMARIO-0070-2048x1365.jpg 2048w\" sizes=\"(max-width: 516px) 100vw, 516px\" \/><\/p>\n<p><strong>Acuerdos Educativos de Convivencia<\/strong><\/p>\n<p>Los Acuerdos Escolares de Convivencia del Instituto Educativo Alta C\u00f3rdoba son lineamientos que buscan crear un ambiente armonioso y respetuoso en la escuela, involucrando a toda la comunidad educativa, incluyendo familias y personal escolar. Estos acuerdos promueven:<\/p>\n<ul>\n<li><strong>Fortalecer la comunidad<\/strong>: La convivencia positiva es responsabilidad de todos y contribuye al bienestar de los estudiantes y al clima escolar.<\/li>\n<li><strong>Construir trayectorias escolares<\/strong>: Las acciones y actitudes de los adultos influyen en c\u00f3mo los ni\u00f1os interact\u00faan, ense\u00f1\u00e1ndoles a seguir normas y acuerdos.<\/li>\n<li><strong>Apoyar la formaci\u00f3n integral<\/strong>: Los acuerdos fomentan valores como el respeto, la empat\u00eda y la solidaridad, formando ciudadanos responsables.<\/li>\n<\/ul>\n<p>Los valores fundamentales de estos acuerdos son respeto, responsabilidad, cooperaci\u00f3n y trabajo en equipo.<\/p>\n<p>Escaneando el siguiente c\u00f3digo puedes acceder al documento: \u201cNormas y Acuerdos Escolar de Convivencia 2024 &#8211; Nivel Primario\u201d.<\/p>\n<p><img loading=\"lazy\" decoding=\"async\" class=\"alignnone  wp-image-192\" src=\"https:\/\/institutoeac.edu.ar\/wp-content\/uploads\/2024\/12\/PRIMARIO-0042-800x533.jpg\" alt=\"\" width=\"569\" height=\"379\" srcset=\"https:\/\/institutoeac.edu.ar\/wp-content\/uploads\/2024\/12\/PRIMARIO-0042-800x533.jpg 800w, https:\/\/institutoeac.edu.ar\/wp-content\/uploads\/2024\/12\/PRIMARIO-0042-1366x911.jpg 1366w, https:\/\/institutoeac.edu.ar\/wp-content\/uploads\/2024\/12\/PRIMARIO-0042-768x512.jpg 768w, https:\/\/institutoeac.edu.ar\/wp-content\/uploads\/2024\/12\/PRIMARIO-0042-1536x1024.jpg 1536w, https:\/\/institutoeac.edu.ar\/wp-content\/uploads\/2024\/12\/PRIMARIO-0042-2048x1365.jpg 2048w\" sizes=\"(max-width: 569px) 100vw, 569px\" \/><\/p>\n<h2><strong>Oferta curricular <\/strong><\/h2>\n<p><strong>Nuestro Proyecto Educativo<\/strong><\/p>\n<p>En nuestro Instituto, priorizamos la identidad y los objetivos propios, atendiendo las necesidades de la comunidad a la que pertenecemos. Facilitamos el di\u00e1logo y la comunicaci\u00f3n, enriqueciendo nuestra labor pedag\u00f3gica con ideas, propuestas y experiencias.<\/p>\n<p><strong>Nivel Primario: Propuestas Pedag\u00f3gicas<\/strong><\/p>\n<p>En el nivel primario, implementamos propuestas pedag\u00f3gicas en formato de proyecto, taller y, en ocasiones, en secuencia did\u00e1ctica. Cada propuesta educativa es significativa y est\u00e1 enfocada en desarrollar las capacidades fundamentales y habilidades de los estudiantes.<\/p>\n<p><strong>Proyectos Innovadores y Atractivos<\/strong><\/p>\n<p>Nuestra labor educativa se distingue por propuestas innovadoras y encantadoras que capturan la imaginaci\u00f3n de los ni\u00f1os y sus familias, fomentando un profundo inter\u00e9s en la vida institucional. Contamos con proyectos \u00fanicos y fascinantes, tales como:<\/p>\n<ul>\n<li><strong>Proyecto Alfabetizador<\/strong>: Garantiza que todos los estudiantes del primer ciclo adquieran habilidades de lectura y escritura de manera fluida y comprensiva, abriendo las puertas a un mundo de conocimiento.<\/li>\n<li><strong>Proyecto Lector<\/strong>: Acompa\u00f1a a los estudiantes en su maravilloso viaje como lectores, cultivando el amor por la lectura.<\/li>\n<li><strong>Olimpiadas Matem\u00e1ticas<\/strong>: Despiertan el inter\u00e9s y la competencia en matem\u00e1ticas, convirtiendo el aprendizaje en una experiencia emocionante y gratificante.<\/li>\n<li><strong>Proyecto \u201cToma mi mano\u201d<\/strong>: Los estudiantes de sexto grado apadrinan a los estudiantes de primer grado, creando lazos de amistad y apoyo que enriquecen la experiencia escolar.<\/li>\n<li><strong>Salidas Educativas<\/strong>: Todos los grados realizan al menos una salida educativa al a\u00f1o, vinculada a la propuesta \u00e1ulica escolar, ofreciendo experiencias inolvidables y enriquecedoras.<\/li>\n<li><strong>Fiesta de la Familia:<\/strong> Durante el a\u00f1o, realizamos La Fiesta de la Familia, un evento donde compartimos un d\u00eda con todos los miembros de la escuela y nuestras familias. Es un momento especial de uni\u00f3n y celebraci\u00f3n.<\/li>\n<li><strong>Semana del Club:<\/strong> Tambi\u00e9n llevamos a cabo la Semana del Club, donde realizamos distintas actividades vinculadas al Club donde se encuentra nuestra escuela, fomentando el sentido de pertenencia y creando un fuerte v\u00ednculo con la comunidad.<\/li>\n<\/ul>\n<p><strong>Apoyo a las Familias<\/strong><\/p>\n<p>Ofrecemos talleres para las familias, con la participaci\u00f3n del gabinete psicopedag\u00f3gico, con el objetivo de informar y apoyar a las familias en su rol de primeras educadoras. Adaptamos nuestros talleres a las necesidades espec\u00edficas de cada grado, con un enfoque particular en Matem\u00e1tica. Adem\u00e1s, organizamos reuniones grupales e individuales con los padres para fomentar una colaboraci\u00f3n efectiva entre la escuela y la familia, siempre en beneficio del ni\u00f1o.<\/p>\n<p><strong>Jornada Extendida<\/strong> en Nuestra Escuela: Un Espacio de Oportunidades y Aprendizaje Integral<\/p>\n<p>Jornada extendida brinda a nuestros estudiantes una experiencia educativa enriquecedora y completa. Este espacio, disponible de manera optativa para todo el nivel primario, est\u00e1 dise\u00f1ado para fomentar el desarrollo integral de cada ni\u00f1o, combinando el aprendizaje acad\u00e9mico con actividades pr\u00e1cticas y recreativas.<\/p>\n<p><strong>Horarios<\/strong>.<\/p>\n<p>La jornada extendida se realiza de lunes a viernes, de 12:30 a 16:00 h. Durante este tiempo, los estudiantes almuerzan en la escuela, trayendo su comida desde el hogar. Este momento no solo es una oportunidad para recargar energ\u00edas, sino tambi\u00e9n para socializar y compartir con sus compa\u00f1eros en un ambiente seguro y supervisado.<\/p>\n<p><strong>Actividades Diversificadas y Enriquecedoras<\/strong><\/p>\n<p>Despu\u00e9s del almuerzo, los estudiantes participan en una variedad de actividades dise\u00f1adas para complementar su formaci\u00f3n acad\u00e9mica y personal:<\/p>\n<p><strong>Educaci\u00f3n Digital, Programaci\u00f3n y Rob\u00f3tica:<\/strong> En este espacio, los ni\u00f1os se sumergen en el fascinante mundo de la tecnolog\u00eda, aprendiendo habilidades fundamentales para el futuro. Desde la programaci\u00f3n b\u00e1sica hasta la rob\u00f3tica, incentivamos la creatividad y el pensamiento cr\u00edtico.<\/p>\n<p>&nbsp;<\/p>\n<p><strong>Deportes:<\/strong> El deporte es una parte esencial de nuestro programa, promoviendo no solo la salud f\u00edsica sino tambi\u00e9n valores como el trabajo en equipo, la disciplina y la perseverancia. Los estudiantes vivencian una variedad de deportes, tales como b\u00e1squet, karate, nataci\u00f3n, entre otros, permiti\u00e9ndoles explorar diferentes disciplinas y descubrir sus pasiones.<\/p>\n<p><strong>Ingl\u00e9s:<\/strong> Conscientes de la importancia del dominio de una segunda lengua, nuestro programa de ingl\u00e9s est\u00e1 dise\u00f1ado para ser interactivo y divertido, asegurando que los estudiantes desarrollen competencias comunicativas efectivas desde temprana edad.<\/p>\n<p>La jornada extendida en nuestra escuela es mucho m\u00e1s que un horario prolongado; es una oportunidad para que los estudiantes exploren nuevas \u00e1reas de inter\u00e9s, desarrollen habilidades esenciales y formen v\u00ednculos que durar\u00e1n toda la vida.<\/p>\n","protected":false},"excerpt":{"rendered":"<p>Nuestro Nivel se destaca por su enfoque integral y su compromiso con la excelencia educativa. La funci\u00f3n pedag\u00f3gica de este nivel se centra en proporcionar una educaci\u00f3n de alta calidad que fomente el respeto mutuo, comenzando desde el hogar y fortaleci\u00e9ndose en la convivencia escolar. Adem\u00e1s, se realizan propuestas educativas en formato proyecto, permitiendo a [&hellip;]<\/p>\n","protected":false},"author":1,"featured_media":188,"parent":0,"menu_order":0,"comment_status":"closed","ping_status":"closed","template":"","meta":{"footnotes":""},"class_list":["post-148","page","type-page","status-publish","has-post-thumbnail","hentry"],"_links":{"self":[{"href":"https:\/\/institutoeac.edu.ar\/index.php\/wp-json\/wp\/v2\/pages\/148","targetHints":{"allow":["GET"]}}],"collection":[{"href":"https:\/\/institutoeac.edu.ar\/index.php\/wp-json\/wp\/v2\/pages"}],"about":[{"href":"https:\/\/institutoeac.edu.ar\/index.php\/wp-json\/wp\/v2\/types\/page"}],"author":[{"embeddable":true,"href":"https:\/\/institutoeac.edu.ar\/index.php\/wp-json\/wp\/v2\/users\/1"}],"replies":[{"embeddable":true,"href":"https:\/\/institutoeac.edu.ar\/index.php\/wp-json\/wp\/v2\/comments?post=148"}],"version-history":[{"count":3,"href":"https:\/\/institutoeac.edu.ar\/index.php\/wp-json\/wp\/v2\/pages\/148\/revisions"}],"predecessor-version":[{"id":193,"href":"https:\/\/institutoeac.edu.ar\/index.php\/wp-json\/wp\/v2\/pages\/148\/revisions\/193"}],"wp:featuredmedia":[{"embeddable":true,"href":"https:\/\/institutoeac.edu.ar\/index.php\/wp-json\/wp\/v2\/media\/188"}],"wp:attachment":[{"href":"https:\/\/institutoeac.edu.ar\/index.php\/wp-json\/wp\/v2\/media?parent=148"}],"curies":[{"name":"wp","href":"https:\/\/api.w.org\/{rel}","templated":true}]}}